{"id":3436,"date":"2024-11-21T11:56:28","date_gmt":"2024-11-21T10:56:28","guid":{"rendered":"https:\/\/sanvida.ch\/impressao\/"},"modified":"2025-04-07T16:51:05","modified_gmt":"2025-04-07T14:51:05","slug":"impressao","status":"publish","type":"page","link":"https:\/\/sanvida.ch\/pt-br\/impressao\/","title":{"rendered":"Impress\u00e3o"},"content":{"rendered":"\t\t<div data-elementor-type=\"wp-page\" data-elementor-id=\"3436\" class=\"elementor elementor-3436 elementor-479\" data-elementor-post-type=\"page\">\n\t\t\t\t<div class=\"elementor-element elementor-element-4833917 e-flex e-con-boxed e-con e-parent\" data-id=\"4833917\" data-element_type=\"container\" data-e-type=\"container\">\n\t\t\t\t\t<div class=\"e-con-inner\">\n\t\t\t\t<div class=\"elementor-element elementor-element-91d7fa8 elementor-widget elementor-widget-heading\" data-id=\"91d7fa8\" data-element_type=\"widget\" data-e-type=\"widget\" data-widget_type=\"heading.default\">\n\t\t\t\t<div class=\"elementor-widget-container\">\n\t\t\t\t\t<h2 class=\"elementor-heading-title elementor-size-default\">Web design<\/h2>\t\t\t\t<\/div>\n\t\t\t\t<\/div>\n\t\t\t\t<div class=\"elementor-element elementor-element-0629d4b elementor-widget elementor-widget-text-editor\" data-id=\"0629d4b\" data-element_type=\"widget\" data-e-type=\"widget\" data-widget_type=\"text-editor.default\">\n\t\t\t\t<div class=\"elementor-widget-container\">\n\t\t\t\t\t\t\t\t\t<p><strong>Conceito, design e programa\u00e7\u00e3o<\/strong>:<br>AM Consulting &amp; Management GmbH<br>info(at)am-cm.ch<br><a href=\"https:\/\/am-cm.ch\" target=\"_blank\" rel=\"noopener\">www.am-cm.ch<\/a><\/p>\t\t\t\t\t\t\t\t<\/div>\n\t\t\t\t<\/div>\n\t\t\t\t<div class=\"elementor-element elementor-element-8d89df0 elementor-widget elementor-widget-heading\" data-id=\"8d89df0\" data-element_type=\"widget\" data-e-type=\"widget\" data-widget_type=\"heading.default\">\n\t\t\t\t<div class=\"elementor-widget-container\">\n\t\t\t\t\t<h1 class=\"elementor-heading-title elementor-size-default\">Impress\u00e3o<\/h1>\t\t\t\t<\/div>\n\t\t\t\t<\/div>\n\t\t\t\t<div class=\"elementor-element elementor-element-54c77f6 elementor-widget elementor-widget-text-editor\" data-id=\"54c77f6\" data-element_type=\"widget\" data-e-type=\"widget\" data-widget_type=\"text-editor.default\">\n\t\t\t\t<div class=\"elementor-widget-container\">\n\t\t\t\t\t\t\t\t\t<p><strong>Endere\u00e7o para contato<\/strong><br>Sanvida Group AG<br>Thurgauerstrasse 117, 8152 Glattpark<br>Su\u00ed\u00e7a<\/p><p>E-mail: info(at)sanvida.ch<br>Telefone: +41 44 311 30 31<\/p><p><b>Representante autorizado<br><\/b>Veronica Iglesias<\/p><p><strong>Entrada no registro comercial<\/strong><br>Sanvida Group AG<br>Registro comercial n\u00ba: CHE-279.444.071<br>Cart\u00f3rio de Registro Comercial do Cant\u00e3o de Zurique<\/p><p><b>Isen\u00e7\u00e3o de responsabilidade<\/b><br>O autor n\u00e3o aceita qualquer responsabilidade com rela\u00e7\u00e3o \u00e0 corre\u00e7\u00e3o, precis\u00e3o, atualiza\u00e7\u00e3o, confiabilidade e integridade das informa\u00e7\u00f5es.<\/p><p>Est\u00e3o exclu\u00eddas as reivindica\u00e7\u00f5es de responsabilidade contra o autor por danos de natureza material ou imaterial decorrentes do acesso, uso ou n\u00e3o uso das informa\u00e7\u00f5es publicadas, por meio do uso indevido da conex\u00e3o ou por falhas t\u00e9cnicas.<\/p><p>Todas as ofertas n\u00e3o s\u00e3o vinculativas. O autor se reserva expressamente o direito de alterar, complementar ou excluir partes das p\u00e1ginas ou toda a oferta sem aviso pr\u00e9vio ou de interromper tempor\u00e1ria ou permanentemente a publica\u00e7\u00e3o. O autor ressalta expressamente que investimentos de todos os tipos est\u00e3o sujeitos a riscos. Portanto, o autor n\u00e3o aceita nenhuma responsabilidade ou garantia por quaisquer perdas incorridas. \u00c9 de responsabilidade exclusiva do investidor analisar cuidadosamente o risco.    <\/p><p><b>Isen\u00e7\u00e3o de responsabilidade para links<br><\/b>Refer\u00eancias e links para sites de terceiros est\u00e3o fora de nossa \u00e1rea de responsabilidade. Qualquer responsabilidade por esses sites \u00e9 rejeitada. O acesso e o uso de tais sites s\u00e3o por conta e risco do usu\u00e1rio.  <\/p><p><b>Direitos autorais<\/b><br>Os direitos autorais e todos os outros direitos sobre o conte\u00fado, imagens, fotos ou outros arquivos deste site pertencem exclusivamente ao Sanvida Group AG ou aos detentores dos direitos. Voc\u00ea deve obter previamente o consentimento por escrito do detentor dos direitos autorais para a reprodu\u00e7\u00e3o de quaisquer elementos. <\/p>\t\t\t\t\t\t\t\t<\/div>\n\t\t\t\t<\/div>\n\t\t\t\t\t<\/div>\n\t\t\t\t<\/div>\n\t\t\t\t<\/div>\n\t\t","protected":false},"excerpt":{"rendered":"<p>Web design Conceito, design e programa\u00e7\u00e3o:AM Consulting &amp; Management GmbHinfo(at)am-cm.chwww.am-cm.ch Impress\u00e3o Endere\u00e7o para contatoSanvida Group AGThurgauerstrasse 117, 8152 GlattparkSu\u00ed\u00e7a E-mail: info(at)sanvida.chTelefone: +41 44 311 30 31 Representante autorizadoVeronica Iglesias Entrada no registro comercialSanvida Group AGRegistro comercial n\u00ba: CHE-279.444.071Cart\u00f3rio de Registro Comercial do Cant\u00e3o de Zurique Isen\u00e7\u00e3o de responsabilidadeO autor n\u00e3o aceita qualquer responsabilidade com rela\u00e7\u00e3o [&hellip;]<\/p>\n","protected":false},"author":1,"featured_media":0,"parent":0,"menu_order":8,"comment_status":"closed","ping_status":"closed","template":"elementor_header_footer","meta":{"footnotes":""},"class_list":["post-3436","page","type-page","status-publish","hentry"],"_links":{"self":[{"href":"https:\/\/sanvida.ch\/pt-br\/wp-json\/wp\/v2\/pages\/3436","targetHints":{"allow":["GET"]}}],"collection":[{"href":"https:\/\/sanvida.ch\/pt-br\/wp-json\/wp\/v2\/pages"}],"about":[{"href":"https:\/\/sanvida.ch\/pt-br\/wp-json\/wp\/v2\/types\/page"}],"author":[{"embeddable":true,"href":"https:\/\/sanvida.ch\/pt-br\/wp-json\/wp\/v2\/users\/1"}],"replies":[{"embeddable":true,"href":"https:\/\/sanvida.ch\/pt-br\/wp-json\/wp\/v2\/comments?post=3436"}],"version-history":[{"count":1,"href":"https:\/\/sanvida.ch\/pt-br\/wp-json\/wp\/v2\/pages\/3436\/revisions"}],"predecessor-version":[{"id":3437,"href":"https:\/\/sanvida.ch\/pt-br\/wp-json\/wp\/v2\/pages\/3436\/revisions\/3437"}],"wp:attachment":[{"href":"https:\/\/sanvida.ch\/pt-br\/wp-json\/wp\/v2\/media?parent=3436"}],"curies":[{"name":"wp","href":"https:\/\/api.w.org\/{rel}","templated":true}]}}

Impressão

<div data-elementor-type="wp-page" data-elementor-id="3436" class="elementor elementor-3436 elementor-479" data-elementor-post-type="page">
				<div class="elementor-element elementor-element-4833917 e-flex e-con-boxed e-con e-parent" data-id="4833917" data-element_type="container" data-e-type="container">
					<div class="e-con-inner">
				<div class="elementor-element elementor-element-91d7fa8 elementor-widget elementor-widget-heading" data-id="91d7fa8" data-element_type="widget" data-e-type="widget" data-widget_type="heading.default">
				<div class="elementor-widget-container">
					<h2 class="elementor-heading-title elementor-size-default">Web design</h2>				</div>
				</div>
				<div class="elementor-element elementor-element-0629d4b elementor-widget elementor-widget-text-editor" data-id="0629d4b" data-element_type="widget" data-e-type="widget" data-widget_type="text-editor.default">
				<div class="elementor-widget-container">
									<p><strong>Conceito, design e programação</strong>:<br>AM Consulting &amp; Management GmbH<br>info(at)am-cm.ch<br><a href="https://am-cm.ch" target="_blank" rel="noopener">www.am-cm.ch</a></p>								</div>
				</div>
				<div class="elementor-element elementor-element-8d89df0 elementor-widget elementor-widget-heading" data-id="8d89df0" data-element_type="widget" data-e-type="widget" data-widget_type="heading.default">
				<div class="elementor-widget-container">
					<h1 class="elementor-heading-title elementor-size-default">Impressão</h1>				</div>
				</div>
				<div class="elementor-element elementor-element-54c77f6 elementor-widget elementor-widget-text-editor" data-id="54c77f6" data-element_type="widget" data-e-type="widget" data-widget_type="text-editor.default">
				<div class="elementor-widget-container">
									<p><strong>Endereço para contato</strong><br>Sanvida Group AG<br>Thurgauerstrasse 117, 8152 Glattpark<br>Suíça</p><p>E-mail: info(at)sanvida.ch<br>Telefone: +41 44 311 30 31</p><p><b>Representante autorizado<br></b>Veronica Iglesias</p><p><strong>Entrada no registro comercial</strong><br>Sanvida Group AG<br>Registro comercial nº: CHE-279.444.071<br>Cartório de Registro Comercial do Cantão de Zurique</p><p><b>Isenção de responsabilidade</b><br>O autor não aceita qualquer responsabilidade com relação à correção, precisão, atualização, confiabilidade e integridade das informações.</p><p>Estão excluídas as reivindicações de responsabilidade contra o autor por danos de natureza material ou imaterial decorrentes do acesso, uso ou não uso das informações publicadas, por meio do uso indevido da conexão ou por falhas técnicas.</p><p>Todas as ofertas não são vinculativas. O autor se reserva expressamente o direito de alterar, complementar ou excluir partes das páginas ou toda a oferta sem aviso prévio ou de interromper temporária ou permanentemente a publicação. O autor ressalta expressamente que investimentos de todos os tipos estão sujeitos a riscos. Portanto, o autor não aceita nenhuma responsabilidade ou garantia por quaisquer perdas incorridas. É de responsabilidade exclusiva do investidor analisar cuidadosamente o risco.    </p><p><b>Isenção de responsabilidade para links<br></b>Referências e links para sites de terceiros estão fora de nossa área de responsabilidade. Qualquer responsabilidade por esses sites é rejeitada. O acesso e o uso de tais sites são por conta e risco do usuário.  </p><p><b>Direitos autorais</b><br>Os direitos autorais e todos os outros direitos sobre o conteúdo, imagens, fotos ou outros arquivos deste site pertencem exclusivamente ao Sanvida Group AG ou aos detentores dos direitos. Você deve obter previamente o consentimento por escrito do detentor dos direitos autorais para a reprodução de quaisquer elementos. </p>								</div>
				</div>
					</div>
				</div>
				</div>

<p>Web design Conceito, design e programação:AM Consulting &amp; Management GmbHinfo(at)am-cm.chwww.am-cm.ch Impressão Endereço para contatoSanvida Group AGThurgauerstrasse 117, 8152 GlattparkSuíça E-mail: info(at)sanvida.chTelefone: +41 44 311 30 31 Representante autorizadoVeronica Iglesias Entrada no registro comercialSanvida Group AGRegistro comercial nº: CHE-279.444.071Cartório de Registro Comercial do Cantão de Zurique Isenção de responsabilidadeO autor não aceita qualquer responsabilidade com relação [&hellip;]</p>
